{"version":"1.0","provider_name":"Allegro Vivo Kammermusik Festival","provider_url":"https:\/\/www.allegro-vivo.at\/de","author_name":"Andrea Bauer-Hundlinger","author_url":"https:\/\/www.allegro-vivo.at\/de\/author\/andrea\/","title":"Temperamentvoll und himmlisch - Allegro Vivo Kammermusik Festival","type":"rich","width":600,"height":338,"html":"<blockquote class=\"wp-embedded-content\" data-secret=\"HqmJz6DYRL\"><a href=\"https:\/\/www.allegro-vivo.at\/de\/press-release\/temperamentvoll-und-himmlisch\/\">Temperamentvoll und himmlisch<\/a><\/blockquote><iframe sandbox=\"allow-scripts\" security=\"restricted\" src=\"https:\/\/www.allegro-vivo.at\/de\/press-release\/temperamentvoll-und-himmlisch\/embed\/#?secret=HqmJz6DYRL\" width=\"600\" height=\"338\" title=\"&#8222;Temperamentvoll und himmlisch&#8220; &#8211; Allegro Vivo Kammermusik Festival\" data-secret=\"HqmJz6DYRL\" frameborder=\"0\" marginwidth=\"0\" marginheight=\"0\" scrolling=\"no\" class=\"wp-embedded-content\"><\/iframe><script>\n\/*! This file is auto-generated *\/\n!function(d,l){\"use strict\";l.querySelector&&d.addEventListener&&\"undefined\"!=typeof URL&&(d.wp=d.wp||{},d.wp.receiveEmbedMessage||(d.wp.receiveEmbedMessage=function(e){var t=e.data;if((t||t.secret||t.message||t.value)&&!\/[^a-zA-Z0-9]\/.test(t.secret)){for(var s,r,n,a=l.querySelectorAll('iframe[data-secret=\"'+t.secret+'\"]'),o=l.querySelectorAll('blockquote[data-secret=\"'+t.secret+'\"]'),c=new RegExp(\"^https?:$\",\"i\"),i=0;i<o.length;i++)o[i].style.display=\"none\";for(i=0;i<a.length;i++)s=a[i],e.source===s.contentWindow&&(s.removeAttribute(\"style\"),\"height\"===t.message?(1e3<(r=parseInt(t.value,10))?r=1e3:~~r<200&&(r=200),s.height=r):\"link\"===t.message&&(r=new URL(s.getAttribute(\"src\")),n=new URL(t.value),c.test(n.protocol))&&n.host===r.host&&l.activeElement===s&&(d.top.location.href=t.value))}},d.addEventListener(\"message\",d.wp.receiveEmbedMessage,!1),l.addEventListener(\"DOMContentLoaded\",function(){for(var e,t,s=l.querySelectorAll(\"iframe.wp-embedded-content\"),r=0;r<s.length;r++)(t=(e=s[r]).getAttribute(\"data-secret\"))||(t=Math.random().toString(36).substring(2,12),e.src+=\"#?secret=\"+t,e.setAttribute(\"data-secret\",t)),e.contentWindow.postMessage({message:\"ready\",secret:t},\"*\")},!1)))}(window,document);\n\/\/# sourceURL=https:\/\/www.allegro-vivo.at\/wp-includes\/js\/wp-embed.min.js\n<\/script>\n","thumbnail_url":"https:\/\/www.allegro-vivo.at\/wp-content\/uploads\/2025\/09\/khadem-missagh-lenaerts-gauci-c-schewig-fotodesign-1024x819.jpg","thumbnail_width":1024,"thumbnail_height":819,"description":"Mit einem Meisterwerk von Mikl\u00f3s R\u00f3zsa beendeten der k\u00fcnstlerische Leiter Vahid Khadem-Missagh und die Academia Allegro Vivo am vergangenen Wochenende temperamentvoll und energiegeladen das 47. Allegro Vivo Festival in der Stiftsbibliothek Altenburg.\u00a0 F\u00fcr himmlische T\u00f6ne sorgten Anneleen Lenaerts, Soloharfinistin der Wiener Philharmoniker und der Fl\u00f6tenvirtuose Matthieu Gauci-Ancellin in Mozarts Doppelkonzert. Mit gro\u00dfer Freude blicken insgesamt[...]"}

Mit einem Meisterwerk von Miklós Rózsa beendeten der künstlerische Leiter Vahid Khadem-Missagh und die Academia Allegro Vivo am vergangenen Wochenende temperamentvoll und energiegeladen das 47. Allegro Vivo Festival in der Stiftsbibliothek Altenburg.  Für himmlische Töne sorgten Anneleen Lenaerts, Soloharfinistin der Wiener Philharmoniker und der Flötenvirtuose Matthieu Gauci-Ancellin in Mozarts Doppelkonzert. Mit großer Freude blicken insgesamt[...]
