{"version":"1.0","provider_name":"Allegro Vivo Kammermusik Festival","provider_url":"https:\/\/www.allegro-vivo.at\/de","author_name":"Andrea Bauer-Hundlinger","author_url":"https:\/\/www.allegro-vivo.at\/de\/author\/andrea\/","title":"Festliche Er\u00f6ffnung der 47. Festivalsaison - Allegro Vivo Kammermusik Festival","type":"rich","width":600,"height":338,"html":"<blockquote class=\"wp-embedded-content\" data-secret=\"0qhv7NT1Zb\"><a href=\"https:\/\/www.allegro-vivo.at\/de\/press-release\/festliche-eroeffnung-der-47-festivalsaison\/\">Festliche Er\u00f6ffnung der 47. Festivalsaison<\/a><\/blockquote><iframe sandbox=\"allow-scripts\" security=\"restricted\" src=\"https:\/\/www.allegro-vivo.at\/de\/press-release\/festliche-eroeffnung-der-47-festivalsaison\/embed\/#?secret=0qhv7NT1Zb\" width=\"600\" height=\"338\" title=\"&#8222;Festliche Er\u00f6ffnung der 47. Festivalsaison&#8220; &#8211; Allegro Vivo Kammermusik Festival\" data-secret=\"0qhv7NT1Zb\" frameborder=\"0\" marginwidth=\"0\" marginheight=\"0\" scrolling=\"no\" class=\"wp-embedded-content\"><\/iframe><script>\n\/*! This file is auto-generated *\/\n!function(d,l){\"use strict\";l.querySelector&&d.addEventListener&&\"undefined\"!=typeof URL&&(d.wp=d.wp||{},d.wp.receiveEmbedMessage||(d.wp.receiveEmbedMessage=function(e){var t=e.data;if((t||t.secret||t.message||t.value)&&!\/[^a-zA-Z0-9]\/.test(t.secret)){for(var s,r,n,a=l.querySelectorAll('iframe[data-secret=\"'+t.secret+'\"]'),o=l.querySelectorAll('blockquote[data-secret=\"'+t.secret+'\"]'),c=new RegExp(\"^https?:$\",\"i\"),i=0;i<o.length;i++)o[i].style.display=\"none\";for(i=0;i<a.length;i++)s=a[i],e.source===s.contentWindow&&(s.removeAttribute(\"style\"),\"height\"===t.message?(1e3<(r=parseInt(t.value,10))?r=1e3:~~r<200&&(r=200),s.height=r):\"link\"===t.message&&(r=new URL(s.getAttribute(\"src\")),n=new URL(t.value),c.test(n.protocol))&&n.host===r.host&&l.activeElement===s&&(d.top.location.href=t.value))}},d.addEventListener(\"message\",d.wp.receiveEmbedMessage,!1),l.addEventListener(\"DOMContentLoaded\",function(){for(var e,t,s=l.querySelectorAll(\"iframe.wp-embedded-content\"),r=0;r<s.length;r++)(t=(e=s[r]).getAttribute(\"data-secret\"))||(t=Math.random().toString(36).substring(2,12),e.src+=\"#?secret=\"+t,e.setAttribute(\"data-secret\",t)),e.contentWindow.postMessage({message:\"ready\",secret:t},\"*\")},!1)))}(window,document);\n\/\/# sourceURL=https:\/\/www.allegro-vivo.at\/wp-includes\/js\/wp-embed.min.js\n<\/script>\n","thumbnail_url":"https:\/\/www.allegro-vivo.at\/wp-content\/uploads\/2025\/07\/av-altenburg-c-schewig-fotodesign.jpg","thumbnail_width":2500,"thumbnail_height":1824,"description":"Ein wilder Apfelbaum im Waldviertel Vahid Khadem-Missagh und die Academia Allegro Vivo laden zum Er\u00f6ffnungswochenende des 47. Allegro Vivo Festivals in die Stiftsbibliothek Altenburg. Mit Brahms \u201eUngarischen T\u00e4nzen\u201c, Bart\u00f3ks \u201eDivertimento f\u00fcr Streichorchester\u201c und der Urauff\u00fchrung des weltweit ersten Konzertes f\u00fcr Violine, Cimbalom und Orchester starten \u00fcber 50 Veranstaltungen an den sch\u00f6nsten Stiften, Burgen und Schl\u00f6ssern[...]"}

Festliche Eröffnung der 47. Festivalsaison - Allegro Vivo Kammermusik Festival

<blockquote class="wp-embedded-content" data-secret="0qhv7NT1Zb"><a href="https://www.allegro-vivo.at/de/press-release/festliche-eroeffnung-der-47-festivalsaison/">Festliche Eröffnung der 47. Festivalsaison</a></blockquote><iframe sandbox="allow-scripts" security="restricted" src="https://www.allegro-vivo.at/de/press-release/festliche-eroeffnung-der-47-festivalsaison/embed/#?secret=0qhv7NT1Zb" width="600" height="338" title="&#8222;Festliche Eröffnung der 47. Festivalsaison&#8220; &#8211; Allegro Vivo Kammermusik Festival" data-secret="0qhv7NT1Zb" frameborder="0" marginwidth="0" marginheight="0" scrolling="no" class="wp-embedded-content"></iframe><script>
/*! This file is auto-generated */
!function(d,l){"use strict";l.querySelector&&d.addEventListener&&"undefined"!=typeof URL&&(d.wp=d.wp||{},d.wp.receiveEmbedMessage||(d.wp.receiveEmbedMessage=function(e){var t=e.data;if((t||t.secret||t.message||t.value)&&!/[^a-zA-Z0-9]/.test(t.secret)){for(var s,r,n,a=l.querySelectorAll('iframe[data-secret="'+t.secret+'"]'),o=l.querySelectorAll('blockquote[data-secret="'+t.secret+'"]'),c=new RegExp("^https?:$","i"),i=0;i<o.length;i++)o[i].style.display="none";for(i=0;i<a.length;i++)s=a[i],e.source===s.contentWindow&&(s.removeAttribute("style"),"height"===t.message?(1e3<(r=parseInt(t.value,10))?r=1e3:~~r<200&&(r=200),s.height=r):"link"===t.message&&(r=new URL(s.getAttribute("src")),n=new URL(t.value),c.test(n.protocol))&&n.host===r.host&&l.activeElement===s&&(d.top.location.href=t.value))}},d.addEventListener("message",d.wp.receiveEmbedMessage,!1),l.addEventListener("DOMContentLoaded",function(){for(var e,t,s=l.querySelectorAll("iframe.wp-embedded-content"),r=0;r<s.length;r++)(t=(e=s[r]).getAttribute("data-secret"))||(t=Math.random().toString(36).substring(2,12),e.src+="#?secret="+t,e.setAttribute("data-secret",t)),e.contentWindow.postMessage({message:"ready",secret:t},"*")},!1)))}(window,document);
//# sourceURL=https://www.allegro-vivo.at/wp-includes/js/wp-embed.min.js
</script>

Ein wilder Apfelbaum im Waldviertel Vahid Khadem-Missagh und die Academia Allegro Vivo laden zum Eröffnungswochenende des 47. Allegro Vivo Festivals in die Stiftsbibliothek Altenburg. Mit Brahms „Ungarischen Tänzen“, Bartóks „Divertimento für Streichorchester“ und der Uraufführung des weltweit ersten Konzertes für Violine, Cimbalom und Orchester starten über 50 Veranstaltungen an den schönsten Stiften, Burgen und Schlössern[...]
